 - 24. Let x(q) = -q**2 + 2*q + 3. Give x(j).
-5
Let u(y) = -y - 1. Let p(n) = 4*n - 3. Let d(t) = -p(t) - 3*u(t). Give d(11).
-5
Let j(k) = 5*k - k - 3*k. Suppose -4*b + 5*v = -44, -3*b - 7*v + 10 = -5*v. What is j(b)?
6
Let m(y) = y**3 + 6*y**2 + y - 2. Let w = 83 + -89. Calculate m(w).
-8
Let d(r) = r. Let v(i) = -i**2 + 9*i + 1. Let l(h) = -5*d(h) + v(h). What is l(4)?
1
Let q(g) be the first derivative of -g**4/4 - 5*g**3/3 + 3*g**2 + 9*g + 7. Determine q(-6).
9
Let b(k) = 4 - 2 + k**2 + 2*k + 3*k. Let x be b(-2). Let r(z) = 3*z**2 - 3*z + 5. Let y(n) = -5*n**2 + 4*n - 8. Let w(c) = -8*r(c) - 5*y(c). Give w(x).
0
Let p(n) = 2*n**2 - n**2 - 6 + n**2 + 2*n + 9*n. Let f be p(-6). Let d(l) = l**3 - l**2 - l - 10. Determine d(f).
-10
Let w(j) = 2*j. Let a(y) = y**2 + 9*y + 5. Let m be a(-9). Determine w(m).
10
Let x(q) = -2*q**2 - 10 - 21*q**3 + 12 + 22*q**3 - 3*q. Give x(3).
2
Let v(m) = m - 1. Let i(z) = -z**2 - 6*z - 2. Let o be i(-5). Suppose -12 = -3*w + o. What is v(w)?
4
Let t(d) = -4*d**3 + 10*d**2 + 10*d - 1. Let k = 22 + -16. Suppose -c = -1 + k. Let f(v) = 3*v**3 - 9*v**2 - 9*v. Let u(a) = c*f(a) - 4*t(a). Calculate u(-4).
0
Let z = -56 + 53. Let h(p) = -p**3 - p**2 - 1. Calculate h(z).
17
Let m(p) = 9*p**2 + 21*p + 25. Let u(h) = 5*h**2 + 11*h + 13. Let b(y) = 6*m(y) - 11*u(y). What is b(5)?
7
Let s = 13 + -9. Let a(o) = -o + 6. What is a(s)?
2
Let r be (-5 - -2)*-3 + -1. Let w = -7 + r. Let h(d) = -4*d**2 + d. Determine h(w).
-3
Let z(h) be the second derivative of 0 + 1/2*h**2 + 1/2*h**3 - 3*h. Let q be (1 - (-1 - -1)) + -2. Determine z(q).
-2
Suppose -w + 6 = w. Let q(v) = -v + w*v**3 + v**3 - 3*v**3. Let h = -5 - -7. Determine q(h).
6
Let b(c) = c**2 - 5*c. Let w be b(5). Suppose 3*k - 14 - 4 = w. Let d(i) = k - 6 + i. Give d(5).
5
Let i(y) = -y**2 + y - 5*y + 1 + 5*y**2 - 3*y**2. Determine i(2).
-3
Let y(o) = 4*o + 4*o**2 - 5 + 3*o - 5*o - 3*o**2. Let c(l) = l - 1. Let x be c(6). Let d(i) = -i**3 + 4*i**2 + 3*i + 6. Let j be d(x). Calculate y(j).
3
Let t be (5/3)/(6/18). Let j(p) = -p**3 + 5*p**2 + 4*p - 5. Give j(t).
15
Let c(f) = f**3 - f**2 - f - 3. Suppose -2*j + 2*p + 0*p = 2, -3*p + 6 = -2*j. Calculate c(j).
12
Let n(o) = -o**3 - o - 4. Let p(d) = -d - 3. Let g be p(-11). Let j be 1/2 - 4/g. Give n(j).
-4
Let z(n) = -6*n + 1. Let f be z(-1). Let q = f - 3. Let l(y) = -1 + y + 0 - 5. Determine l(q).
-2
Let u(w) = 2*w**2 - 5*w + 2. Let n(q) = q**2 - 3*q + 1. Let r be 10*1*(-1)/2. Let m(p) = r*n(p) + 2*u(p). Suppose -74*j + 76 = -55*j. Calculate m(j).
3
Let i(y) = -y**2 - 2*y + 1. Suppose 0 = 8*c - 19*c - 55. Give i(c).
-14
Suppose 0 = -5*q + x + x + 10, -3*x - 4 = -2*q. Let d(h) = -h**2 + h**3 - 2 + h**3 + 0*h**2 - h**3 - q*h. Determine d(3).
10
Let z = 0 + 0. Let k = 1 - z. Let t(a) = -a + 5*a - 5*a + 2. Give t(k).
1
Let w(p) be the second derivative of -p**4/6 - p**3/2 - p**2 + 8*p. What is w(-2)?
-4
Let r(c) = c**2 - c + 6. Let h be r(0). Let w(i) = -7*i**2 + 7*i - 1. Let j(g) = -15*g**2 + 14*g - 2. Let f(x) = 6*j(x) - 13*w(x). Determine f(h).
-5
Suppose -r + 5 = h - 3*h, 0 = -5*h - 4*r + 7. Let k(c) = 11*c - 11. Let o(b) = -5*b + 6. Let l(u) = 6*k(u) + 11*o(u). What is l(h)?
-11
Let s(m) be the first derivative of -7*m**2/2 - 36. What is s(-2)?
14
Let a(b) = -4*b + 4. Let u be 14/42 + (1 - (-10)/6). Calculate a(u).
-8
Let i(t) = -5*t + 97. Let h be i(20). Let b(n) be the first derivative of -n**2 + 1. Determine b(h).
6
Let j(u) be the third derivative of -u**5/60 + u**4/4 - u**3 + 2*u**2. Suppose b + 8 = -0*b - 4*c, 0 = 4*b - 4*c - 28. Give j(b).
2
Let p(z) = -3*z. Let q(x) = -2*x. Let u(h) = -5*p(h) + 6*q(h). Calculate u(1).
3
Suppose 0 = -3*i - 0 - 3. Let k be (i - 12)*-1 - 1. Let q be 2/2 + (6 - k). Let z(w) = -w - 5. Determine z(q).
0
Let w = 15 - 12. Let c(f) = 6*f**2 - w + 0*f**3 + f**3 + 5*f + 3 + 6. Calculate c(-5).
6
Let m(p) = -2*p**2 - p - 5. Let c(d) = d**2 + d - 1. Let r(n) = -c(n) - m(n). Let w = -7 - -7. What is r(w)?
6
Let m(t) = t**2 + 6*t + 5. Let w be m(-4). Let v(d) = -d - 4*d**2 + 53*d**3 - 1 + 43*d**3 - 97*d**3. Determine v(w).
-7
Suppose 3*n + 12 = 2*d - 0*d, -n + 4*d = 4. Let u(z) = -3*z - 4. Give u(n).
8
Let h(j) = -2*j**2 - 4*j + 8. Let p be 168/(-44) + (-4)/22. Give h(p).
-8
Suppose 2*j - 2 = -5*n + 12, 10 = 2*j + 4*n. Let o be ((-9)/(-3))/j - -4. Let c(g) = -1 - 3*g + 6*g**2 - g**o + 0 - 3*g. Give c(5).
-6
Suppose -2*f - 4*d + 8 = 0, 5*d - 7 = -5*f + 8. Let r(n) = 2*n. Determine r(f).
4
Let t(m) = m - 1. Let y(i) = -i. Let x(q) = -4*t(q) - 3*y(q). Determine x(-3).
7
Let n(z) = -z**2 + 4*z - 3. Let q be (-36)/(-15)*15/6. Let i(u) = u**3 - 7*u**2 + 7*u - 4. Let p be i(q). Let g = p + 2. Give n(g).
-3
Let u(n) = -39*n**2 + 12*n + 15. Let y(k) = -16*k**2 + 5*k + 6. Let t(w) = -5*u(w) + 12*y(w). Calculate t(-3).
24
Let g(a) = -5*a**2 - a + 2. Let v be 4 + 4/(-1) - -2. Calculate g(v).
-20
Let c(u) be the second derivative of 0 - u**3 - 4*u + 1/3*u**4 + 1/20*u**5 - 5/2*u**2. Determine c(-5).
0
Suppose -4*s + l = -20, 4*s + l = -0*l + 28. Let k be (24/9)/(2/s). Suppose -5*r + r - k = 0. Let y(x) = -x - 2. What is y(r)?
0
Let n(w) be the third derivative of -w**6/120 - w**5/15 - w**4/24 + 2*w**3/3 + w**2. Let z = -30 + 26. Calculate n(z).
8
Suppose 5*y - 5*o + 25 = 0, -4*y + 3*o = -0*o + 20. Suppose q = 14 - 6. Let u(l) = -3*l - 2 + q + 1 + 9*l**2 - 10*l**2. Determine u(y).
-3
Let r(n) = n - 2. Suppose -15 = -4*o + 1. Suppose 4*f + 28 = -4*x, 0*f + o = 2*x - 4*f. Determine r(x).
-6
Suppose 0 = -2*y + 12 - 4. Let h(w) = 0*w - y*w + 5*w + w + 9. What is h(-6)?
-3
Let n(j) = 2*j - 8. Let c = 1 - -1. Let t be (-1)/((6/c)/18). Let a = 0 - t. What is n(a)?
4
Let j(d) be the first derivative of -d**3/3 + 3*d**2/2 + d + 10. Give j(4).
-3
Let m(v) = 5*v**3 - 21*v**2 + 3*v - 21. Let u(f) = -2*f**3 + 10*f**2 - f + 11. Let c(s) = 3*m(s) + 7*u(s). Give c(-7).
0
Let d(k) = 2*k**2 - k - 1. Suppose 5*n = 3*n + 4. Suppose 4*i + i = 3*w + 34, -n*i - 20 = 3*w. Let x = w + 10. What is d(x)?
5
Let j = -445 - -448. Let v(k) be the first derivative of k**4/4 - k**3 - k**2 - 3*k - 1. What is v(j)?
-9
Let c(h) = -h**3 - h**2 - h - 1. Let v be c(-2). Let q(u) = -u - 6. Let x(j) = -3*j - 12. Let m(k) = -5*q(k) + 2*x(k). Determine m(v).
1
Let p(b) be the second derivative of b**5/20 - 5*b**4/12 - b**3/3 + 3*b**2/2 + 31*b. What is p(6)?
27
Suppose 5*k = 2*h - 0*k - 21, 2*h + 4*k - 30 = 0. Suppose 2*l = -h + 3. Let n(q) = -18 - 23 + 36 - 2*q. What is n(l)?
5
Suppose 1 + 3 = 2*s. Let u be 1 - (1 - 1 - s). Let b(g) = -g - 1. Give b(u).
-4
Let t(o) = -3*o**3 + 3 + 0*o**3 + 4*o**3 + 4*o - 6*o**2. Give t(5).
-2
Let y be (6/15)/(2/20). Let z be -2 + (-3)/(6/(-8)). Let r(u) = -2*u - 5*u**z - u**2 + u**3 - 3 + 3*u**2. Determine r(y).
5
Suppose 2*d = 5*d. Suppose d*l = -l. Let i(s) = s**2 + s + l*s - 5*s**2. Determine i(1).
-3
Let a be (-2 - -2 - -1)*-5. Let k(t) = -3*t**3 + 2*t**3 - 78 - 6*t**2 - 4*t + 84. What is k(a)?
1
Let x(s) be the first derivative of s**3 - s**2 + s - 1. Let k(n) = 2*n - 1. Let b be k(5). Suppose 2*h + v = -0*v + 6, 5*h - b = -v. What is x(h)?
2
Let u(d) = d + 3. Let k(x) = x + 12. Let r be k(-10). Suppose 0 = r*l + 3*l - 15. Calculate u(l).
6
Suppose 3*s - 3*b = 3, b = -5*s + 3*b + 20. Let w(x) = -x**2 + 5*x - 2. Give w(s).
-8
Suppose 0 = -2*t - 4*b + 120, 5*t - b = 319 - 30. Let i(n) = t*n - 6 - 30*n - 29*n. Give i(-3).
-3
Suppose -11*w + 120 = -6*w. Let q = -27 + w. Let g(z) be the third derivative of z**4/12 + z**3/6 - z**2. Determine g(q).
-5
Let k(u) = u**2 - u - 3. Let z(d) = 3*d**2 - 2*d - 8. Suppose -4*l - 5 = -2*f - 13, 4*l = 0. Let r(v) = f*z(v) + 11*k(v). What is r(-5)?
-11
Let c(f) = 0*f + 0*f - 3*f**2 - 3 + f**3 + 0*f**2. Determine c(4).
13
Suppose -6 + 3 = -i. Let m(y) = -i - y + y - 2*y. Determine m(-4).
5
Let t(n) be the third derivative of n**5/60 - 7*n**4/24 + n**3/3 - 5*n**2. Give t(6).
-4
Let m be 3 - ((-21)/(-12) + (-2)/(-8)). Let q(f) = -1. Let x(n) = -13*n + 7. Let p(w) = -6*q(w) - x(w). Give p(m).
12
Let u(g) = 2*g - 2. Suppose -2*n - r = 3*r - 4, 4*n = 3*r - 47. Let m(z) = -z**2 - 9*z - 5. Let v be m(n). Give u(v).
4
Let i = -3/25 - -81/50. Let c(j) be the first derivative of -i*j**2 + 2 - 1/3*j**3 + 2*j. Calculate c(-5).
-8
Let n(r) = -5*r - 7. Let k(m) = 3*m + 4. Let y(h) = -7*k(h)